**2 + 505*n + 206. What is t(-19)?
-3
Let z(t) = t**2 - 46*t + 370. Give z(30).
-110
Let p(j) = j**3 - 27*j**2 + 28*j - 40. Calculate p(26).
12
Let d(a) = -a**3 - 180*a - 1016. What is d(-5)?
9
Let r(v) = -v**3 - v**2 + 62*v + 77. Calculate r(8).
-3
Let q(g) = -g**3 + 71*g**2 + 3*g - 181. Give q(71).
32
Let w(o) = o**3 - 92*o**2 + 96*o - 455. What is w(91)?
0
Let h(p) = p**3 + 16*p**2 + 212*p + 4221. Calculate h(-18).
-243
Let f(u) = -8*u**2 - 10*u - 38. Give f(-5).
-188
Let g(w) = -238*w - 1464. What is g(-6)?
-36
Let t(i) = 39*i + 265. What is t(-7)?
-8
Let r(g) = -1573*g + 3142. What is r(2)?
-4
Let l(u) = -2*u**2 + 45*u - 93. Determine l(21).
-30
Let g(r) = -6*r**2 - 105*r + 133. Determine g(-20).
-167
Let t(m) = 6*m - 104. Give t(3).
-86
Let m(k) = -k**3 - 42*k**2 + 406*k - 38. Calculate m(8).
10
Let d(q) = 2*q**3 - q**2 - 36*q + 5. Give d(0).
5
Let j(z) = -55*z + 1319. Determine j(24).
-1
Let f(k) = 2*k**3 + 14*k**2 + 8*k - 34. What is f(-6)?
-10
Let v(w) = 77*w**2 + 6534*w - 938. Determine v(-85).
-3
Let r(f) = -31*f + 190. Calculate r(6).
4
Let p(a) = a**3 + 10*a**2 - 19*a + 56. Calculate p(-12).
-4
Let m(n) = 116*n - 1281. Calculate m(11).
-5
Let x(f) = f**3 + 75*f**2 + 76*f + 142. Calculate x(-74).
-6
Let j(p) = 9*p**2 + 200*p + 43. Determine j(-22).
-1
Let k(d) = 24*d**2 + 79*d - 8. Determine k(0).
-8
Let p(o) = -3*o**3 + 46*o**2 + 51*o - 298. Give p(16).
6
Let m(x) = -x**3 - 20*x**2 - 70*x - 22. Give m(-4).
2
Let v(q) = -28*q + 867. Give v(31).
-1
Let u(p) = 91*p + 8367. Determine u(-92).
-5
Let o(n) = n**3 + 3*n**2 - 32*n + 15. Give o(6).
147
Let w(j) = 207*j**2 + 814*j + 10. Give w(-4).
66
Let j(c) = 29*c**2 + 17*c - 18. Give j(1).
28
Let i(v) = 2350*v + 14097. What is i(-6)?
-3
Let y(t) = 9*t**3 + 6*t**2 - 31*t - 77. Determine y(-2).
-63
Let f(u) = u**3 + 37*u**2 - 39*u - 17. Give f(-38).
21
Let j(w) = -373*w + 130. Determine j(1).
-243
Let j(v) = v**3 + 9*v**2 - 10*v + 5. Calculate j(4).
173
Let c(s) = -3*s**3 + 37*s**2 + 736*s + 34. What is c(23)?
34
Let r(b) = 3*b**2 + 20*b + 89. Calculate r(-6).
77
Let n(j) = j**3 + 18*j**2 - 61*j + 11. What is n(-21)?
-31
Let l(i) = i**3 + 48*i**2 - 1452*i - 217. Give l(-69).
-10
Let c(v) = -5*v**3 - 204*v**2 + 36*v - 2. Calculate c(-41).
203
Let a(m) = -m**3 + 14*m**2 - 42*m + 12. What is a(8)?
60
Let u(d) = 2834*d + 8509. What is u(-3)?
7
Let f(t) = 4347*t + 26092. Calculate f(-6).
10
Let f(r) = r**3 + 4*r**2 - 307*r - 950. Give f(-3).
-20
Let y(u) = 267*u + 215. What is y(-2)?
-319
Let p(l) = -5*l**3 + 90*l**2 - 14*l + 249. Calculate p(18).
-3
Let p(g) = -g**3 - 24*g**2 - 28*g - 43. What is p(-23)?
72
Let n(l) = 2*l**3 + 7*l**2 + 95*l + 492. Give n(-6).
-258
Let o(b) = -59*b - 99. Calculate o(-6).
255
Let t(q) = -3*q**2 - 104*q - 50. Give t(-33).
115
Let p(c) = c**3 - 29*c**2 + 149*c - 54. What is p(7)?
-89
Let q(j) = 5*j**2 - 47*j - 45. Calculate q(-1).
7
Let u(f) = -2*f**3 - 45*f**2 - 5*f + 358. Calculate u(-22).
-16
Let n(j) = -720*j + 2154. What is n(3)?
-6
Let q(p) = -p - 9. Calculate q(-6).
-3
Let p(b) = b**3 + 11*b**2 - 5*b + 87. Calculate p(-12).
3
Let g(p) = -p**3 - 49*p**2 - 26*p + 1165. Give g(-48).
109
Let i(v) = -2*v**2 - 580*v - 1728. Give i(-287).
-6
Let l(y) = -276*y - 8492. What is l(-31)?
64
Let k(d) = 27*d**2 + 619*d - 55. Calculate k(-23).
-9
Let b(m) = -12*m**2 - 43*m + 69. What is b(-5)?
-16
Let l(a) = -a**3 - 8*a**2 + a + 27. Calculate l(-8).
19
Let r(j) = -9*j**2 + 244*j - 985. Give r(4).
-153
Let z(f) = f**3 + 8*f**2 + 22*f + 98. Calculate z(-7).
-7
Let f(c) = -c**3 - 47*c + 5. What is f(0)?
5
Let h(o) = -7*o + 5. Calculate h(3).
-16
Let g(x) = -7*x**3 - 91*x**2 + 7*x + 94. Calculate g(-13).
3
Let o(b) = 2*b**2 + 4*b - 650. Give o(17).
-4
Let q(f) = -2*f**2 - 37*f + 375. What is q(9)?
-120
Let o(b) = 3*b**2 + 14*b + 20. Calculate o(-3).
5
Let z(c) = 3*c - 94. What is z(7)?
-73
Let u(f) = -f**3 - 37*f**2 - 130*f + 75. What is u(-33)?
9
Let u(v) = 265*v - 2401. What is u(10)?
249
Let s(v) = 3*v**2 + 9*v - 1276. What is s(-22)?
-22
Let l(k) = 3*k**3 - 37*k**2 + 133*k - 2073. Calculate l(13).
-6
Let l(c) = 1072*c + 3193. Give l(-3).
-23
Let i(n) = -3*n**2 + 65*n - 673. Determine i(18).
-475
Let r(l) = -9*l**3 + 13*l**2 + 75*l + 36. Give r(4).
-32
Let j(i) = i**2 + 5*i - 38. Determine j(-12).
46
Let g(b) = b**3 + 20*b**2 + 25. Calculate g(-20).
25
Let d(q) = -q - 45. Give d(40).
-85
Let a(h) = -h + 211. Calculate a(-7).
218
Let k(b) = 1456*b + 7273. Determine k(-5).
-7
Let v(c) = -14*c - 219. Determine v(-20).
61
Let p(x) = -x**3 + 65*x**2 + 57*x + 583. Give p(66).
-11
Let d(m) = 3*m**2 - 17*m - 52. What is d(7)?
-24
Let u(z) = 6*z**3 - 209*z**2 - 35*z + 17. What is u(35)?
17
Let h(n) = 44*n**3 - 3*n**2 - 13*n - 2. Calculate h(-2).
-340
Let x(b) = -36*b - 88. Calculate x(-4).
56
Let x(f) = -6*f**3 + 7*f**2 + 20*f - 6. What is x(-3)?
159
Let l(t) = t**2 + 2*t - 10. Calculate l(0).
-10
Let w(i) = 826*i + 14867. Determine w(-18).
-1
Let l(a) = -3*a**2 + 3*a + 69. Calculate l(12).
-327
Let w(a) = a + 130. Determine w(-9).
121
Let b(f) = -f**3 + 2*f**2 + 57*f - 192. What is b(6)?
6
Let b(j) = j**2 - 3*j + 34. Calculate b(3).
34
Let p(q) = 15*q**2 + 36*q - 7. Determine p(-2).
-19
Let p(f) = 2*f**3 - f**2 - 5*f + 6. What is p(3)?
36
Let u(w) = -w**3 - 40*w**2 - 112*w - 2846. Give u(-39).
1
Let d(c) = 7*c**2 - 6*c + 7. Determine d(2).
23
Let x(d) = -d**3 + 4*d**2 + 47*d - 23. Calculate x(9).
-5
Let w(x) = 7*x**3 + 86*x**2 - 19*x - 479. Give w(-12).
37
Let z(f) = f**3 - 7*f**2 - 4*f + 9. Determine z(3).
-39
Let x(b) = -1777*b - 8867. Determine x(-5).
18
Let l(b) = -4*b**3 - 4*b**2 - 9*b + 18. Determine l(3).
-153
Let t(s) = s**3 - 19*s**2 + 23*s + 410. Calculate t(16).
10
Let o(f) = -12*f - 206. Determine o(-22).
58
Let m(f) = 76*f - 11997. Determine m(158).
11
Let y(w) = -4*w**2 - 13*w + 60. What is y(-6)?
-6
Let t(n) = 57*n**2 + 28*n. Calculate t(-2).
172
Let n(m) = m**2 + 22*m - 129. What is n(5)?
6
Let f(k) = 3230*k + 16147. Give f(-5).
-3
Let x(l) = -10*l**2 - 144*l + 455. Give x(-17).
13
Let w(t) = -t**3 + 84*t**2 + 7*t - 609. Determine w(84).
-21
Let d(y) = -y**2 + 3*y + 29. What is d(-7)?
-41
Let r(z) = -z**3 - 3*z**2 - 4. Determine r(-3).
-4
Let t(p) = p**2 - 12*p - 319. Calculate t(25).
6
Let w(r) = 310*r - 1229. Determine w(4).
11
Let c(z) = -z**3 - 57*z**2 - 29*z - 1619. What is c(-57)?
34
Let t(k) = -k**3 - 32*k**2 - 221*k + 21. Determine t(-23).
343
Let q(c) = -247*c + 954. What is q(4)?
-34
Let w(k) = -284*k + 2557. Determine w(9).
1
Let q(d) = d**2 - 8*d - 256. What is q(-17)?
169
Let f(h) = h**2 - 36*h + 95. Give f(28).
-129
Let i(z) = 3957*z - 79155. Calculate i(20).
-15
Let z(g) = 8*g**2 - 35*g + 340. What is z(9)?
673
Let s(h) = -h**2 - 85*h + 399. What is s(-92)?
-245
Let p(z) = z**3 + 275*z**2 - 561*z - 1947. Give p(-277).
-8
Let v(s) = 2*s**2 + 106*s + 5. Calculate v(-53).
5
Let m(g) = 65*g + 967. Calculate m(-14).
57
Let v(r) = r**2 + 21*r - 269. Give v(-30).
1
Let a(p) = 3*p - 384. Give a(19).
-327
Let f(m) = 7*m**3 + 31*m**2 - 67*m - 7. Give f(-6).
-1
Let l(m) = -m**2 + 268*m - 14112. What is l(72)?
0
Let s(o) = -9*o + 120. What is s(9)?
39
Let m(q) = -q**3 + 11*q**2 - 4*q + 86. Give m(12).
-106
Let f(c) = c**3 + 5*c**2 + 8*c - 5. Give f(-3).
-11
Let o(u) = 5*u**3 + 198*u**2 + 125*u + 319. Calculate o(-39).
7
Let y(i) = 3*i + 176. What is y(-9)?
149
Let j(m) = -2*m**3 + 68*m**2 - 60*m - 210. Calculate j(33).
-12
Let m(z) = z**3 - 11*z**2 + 13*z + 67. Give m(13).
574
Let p(r) = -213*r + 1049. Determine p(5).
-16
Let v(o) = -5184*o + 15575. Give v(3).
23
Let t(u) = u**2 + 64*u + 656. What is t(-51)?
-7
Let h(c) = 29*c - 383. Determine h(18).
139
Let s(q) = -2*q**2 - 343*q - 3072. Determine s(-162).
6
Let x(g) = 419*g + 7124. Calculate x(-17).
1
Let d(g) = -7*g - 372. Calculate d(-50).
-22
Let p(y) = -y**3 + 52*y**2 - 182*y - 397. Calculate p(48).
83
Let s(w) = 2*w**2 - 22*w + 50. What is s(4)?
-6
Let w(r) = -10*r**3 - 12*r**2 - 17*r - 20. Give w(-1).
-5
Let l(u) = -350*u + 5614. Give l(16).
14
Let i(a) = -360*a**3 - 6*a**2 + 7*a + 13. What is i(-1)?
360
Let i(j) = j**3 - 68*j**2 - 6*j + 400. What is i(68)?
-8
Let u(d) = d**2 + 19*d - 171. Calculate u(-23).
-79
Let q(u) = -u**3 - 2*u**2 + 3*u - 88. Determine q(0).
-88
Let m(z) = -z**3 + 4*z**2 + 3*z